0 and 54?
18
Calculate the greatest common factor of 427 and 323239.
427
What is the greatest common factor of 332443 and 152?
19
Calculate the highest common divisor of 38680 and 20.
20
What is the greatest common divisor of 544 and 152752?
16
What is the greatest common divisor of 20976 and 23712?
912
What is the highest common factor of 235360 and 2480?
80
Calculate the highest common factor of 32 and 80888.
8
Calculate the highest common factor of 1107 and 10783.
41
What is the greatest common factor of 320 and 55630?
10
Calculate the greatest common divisor of 36 and 22590.
18
What is the greatest common factor of 670 and 47302?
134
Calculate the highest common divisor of 3262 and 714.
14
What is the greatest common factor of 1026630 and 24310?
1870
Calculate the greatest common divisor of 492 and 9676.
164
Calculate the greatest common divisor of 175 and 222075.
175
What is the highest common divisor of 405370 and 630?
70
Calculate the greatest common factor of 2938 and 2496.
26
What is the highest common factor of 9612 and 21492?
108
Calculate the highest common factor of 32868 and 278388.
396
Calculate the greatest common factor of 481154 and 452.
226
What is the highest common factor of 5134 and 3926?
302
Calculate the greatest common divisor of 164069 and 382.
191
What is the greatest common factor of 516495 and 165?
15
Calculate the highest common factor of 6400 and 51584.
128
Calculate the highest common divisor of 13554 and 5940.
54
What is the highest common divisor of 459 and 146523?
51
Calculate the greatest common factor of 1803954 and 94.
94
Calculate the greatest common factor of 4708 and 453680.
428
Calculate the highest common divisor of 2442 and 116106.
222
What is the greatest common divisor of 1080 and 435?
15
What is the highest common factor of 49840 and 98?
14
What is the greatest common factor of 23896 and 464?
232
Calculate the greatest common factor of 8701 and 6468.
77
What is the greatest common divisor of 165801 and 51?
51
Calculate the greatest common factor of 91317 and 549.
183
What is the greatest common factor of 29564 and 12?
4
Calculate the highest common factor of 203742 and 119.
7
What is the greatest common divisor of 90 and 34947?
9
Calculate the highest common factor of 34305 and 15.
15
What is the highest common divisor of 66 and 123846?
6
Calculate the greatest common divisor of 9772 and 2366.
14
Calculate the greatest common factor of 5994306 and 23.
23
Calculate the highest common factor of 7 and 477505.
7
Calculate the greatest common factor of 1568 and 31997.
49
Calculate the highest common factor of 60 and 37185.
15
What is the highest common factor of 13689842 and 38?
38
Calculate the highest common divisor of 29 and 124439.
29
What is the greatest common divisor of 169 and 11237317?
169
Calculate the greatest common factor of 4769 and 18072.
251
What is the highest common divisor of 45758 and 9590?
274
Calculate the highest common divisor of 7157264 and 2064.
688
Calculate the highest common divisor of 34574 and 2344.
586
What is the greatest common divisor of 18313 and 4?
1
Calculate the highest common divisor of 616 and 296.
8
What is the highest common divisor of 7018 and 4?
2
What is the greatest common divisor of 302471 and 3445?
689
Calculate the highest common divisor of 1748 and 1444.
76
Calculate the highest common factor of 832328 and 890.
178
What is the greatest common factor of 25098 and 26166?
534
Calculate the highest common divisor of 336 and 192.
48
What is the highest common divisor of 105 and 80130?
15
What is the highest common divisor of 24 and 1661988?
12
What is the greatest common factor of 135 and 78375?
15
What is the greatest common divisor of 95 and 6514340?
95
Calculate the greatest common divisor of 19200 and 1728.
192
Calculate the highest common factor of 4788 and 1494.
18
What is the greatest common divisor of 688 and 155520?
16
Calculate the greatest common factor of 1664 and 49024.
128
Calculate the greatest common factor of 13762 and 28.
14
What is the greatest common factor of 462 and 11242?
154
What is the highest common factor of 295 and 74045?
295
Calculate the highest common factor of 927270 and 45.
45
What is the greatest common factor of 74 and 22459?
37
What is the highest common factor of 3822 and 3626?
98
Calculate the greatest common factor of 1869269 and 1054.
527
What is the greatest common factor of 83742 and 102?
102
What is the highest common factor of 3772 and 1698343?
943
What is the greatest common divisor of 306 and 24939?
153
What is the highest common factor of 8372 and 96460?
364
What is the highest common factor of 1148 and 28?
28
What is the highest common divisor of 493584 and 39?
39
What is the greatest common factor of 150574 and 2054?
158
Calculate the greatest common divisor of 983781 and 1945.
389
Calculate the greatest common divisor of 333 and 13968.
9
Calculate the greatest common factor of 56178 and 18.
18
Calculate the highest common divisor of 788 and 149326.
394
What is the greatest common factor of 79513 and 2331?
259
What is the highest common divisor of 48 and 61392?
48
Calculate the greatest common divisor of 85095 and 4941.
549
Calculate the greatest common factor of 6056814 and 2724.
1362
Calculate the greatest common divisor of 4146 and 102.
6
Calculate the greatest common factor of 473 and 2106269.
473
Calculate the greatest common factor of 11 and 225577.
11
Calculate the greatest common divisor of 3039772 and 851.
851
What is the highest common factor of 16 and 108?
4
Calculate the highest common divisor of 19220 and 300.
20
What is the greatest common divisor of 7031 and 4984?
89
What is the highest common divisor of 235 and 43851?
47
Calculate the highest common factor of 37328 and 40.
8
Calculate the greatest common factor of 141501 and 1313.
101
What is the greatest common divisor of 1197 and 203091?
399
What is the greatest common factor of 713 and 4853?
23
What is the greatest common factor of 183677 and 26?
13
What is the highest common divisor of 10514 and 13958?
14
What is the greatest common factor of 2744 and 62328?
392
Calculate the greatest common divisor of 228 and 32775.
57
What is the highest common divisor of 287461 and 337?
337
Calculate the greatest common divisor of 54 and 434862.
54
What is the highest common divisor of 28 and 1587446?
14
What is the greatest common divisor of 1160 and 316100?
580
What is the highest common divisor of 76 and 402914?
38
Calculate the highest common divisor of 254 and 722122.
254
Calculate the greatest common factor of 305 and 4819.
61
What is the greatest common divisor of 2816 and 1600?
64
What is the greatest common divisor of 483375 and 1125?
375
What is the highest common divisor of 466921 and 182?
91
Calculate the highest common factor of 4106053 and 7.
7
Calculate the highest common divisor of 16759732 and 1012.
1012
What is the highest common factor of 12 and 9654852?
12
What is the highest common factor of 640 and 22835?
5
What is the greatest common divisor of 17016 and 876?
12
Calculate the highest common factor of 138896 and 64.
16
What is the greatest common factor of 736 and 640?
32
Calculate the greatest common factor of 849178 and 121.
121
Calculate the highest common divisor of 220470 and 1170.
30
Calculate the highest common factor of 5 and 42335.
5
What is the greatest common factor of 6438 and 204450?
174
What is the greatest common divisor of 536850 and 36?
18
Calculate the greatest common factor of 50523 and 33.
33
What is the highest common divisor of 924 and 48930?
42
Calculate the highest common factor of 8417 and 836.
19
Calculate the highest common factor of 25347 and 45227.
497
Calculate the highest common divisor of 256841 and 26.
13
What is the highest common factor of 7245 and 126?
63
What is the greatest common divisor of 199512 and 102?
102
What is the greatest common factor of 204 and 22338?
102
What is the highest common factor of 1966092 and 12?
12
What is the highest common factor of 43024 and 64?
16
What is the greatest common divisor of 1055780 and 880?
220
What is the highest common divisor of 8285 and 30?
5
Calculate the greatest common divisor of 256910 and 8395.
115
Calculate the highest common divisor of 140